s(i) = 2 + 9 - 4*i + 3*i. Calculate s(m).
6
Let v(n) = n**2 + 2*n - 14. Let p be v(-5). Suppose a = -p + 4. Let y(i) be the third derivative of -i**5/60 + i**4/24 + i**3/3 - i**2. Calculate y(a).
-4
Let s be 3/(-18)*-2*3. Let y = -2 + s. Let u(f) = -3*f**3 + f**2 + f + 1. Determine u(y).
4
Let y = -34 + 29. Let v(w) = -2*w**2 - 7*w + 2. Give v(y).
-13
Let b(v) = -5*v**2 - 1. Let n = 13 - 7. Suppose -4*t - f + n = 0, -5*t + f - 1 = -2*f. Give b(t).
-6
Let q(j) = -3*j**3 - j - 3*j**3 + 5*j**3 + 0*j**2 + j**2 + 1. Let c(d) = -4*d**3 - d**2 + 2*d - 2. Let w(i) = c(i) + 2*q(i). Calculate w(1).
-5
Let b(h) = -3*h - 5*h**2 + h + 4*h + h**3 - 6 + h. Give b(4).
-10
Let w(f) = f**2 - 2*f - 6. Suppose -4*j - 3*o = -35, -j + 4*o = 25 - 10. What is w(j)?
9
Let y(i) = -1. Let u(m) = m - 6. Let b(l) = -2*l**2 - 9*l - 3. Let z be b(-6). Let o(t) = z*y(t) + 3*u(t). Give o(-4).
-9
Let r(s) = 4 - 4*s + 8 - 6 + 7. Let n(a) = -9 + 3*a - a + 3. Let j(y) = 7*n(y) + 3*r(y). Calculate j(5).
7
Let b(f) = f**3 - 2*f - 3. Let z(d) = 4*d + 14. Let m be z(-4). Give b(m).
-7
Let i(w) = w**2 - 2*w + 2. Let d be i(2). Let r(h) = 4*h**2 - 1 + 0 + 0 + 0*h**d - h. Suppose -b - 5 = 4*b - 4*a, 0 = -5*b + a - 5. What is r(b)?
4
Let l be (-4)/(-16) + (-15)/(-4). Suppose 0 = 3*m + 3*z, -l*m - z - 9 = -0*m. Let k = -7 - m. Let v(s) = -s**3 - 3*s**2 + 3*s + 4. Give v(k).
8
Let g = -11 + 36. Let a = -7 + g. Suppose 0 = 3*i + a - 3. Let f(o) = -o - 6. Give f(i).
-1
Let x be -1 + (-11 - (2 + -3)). Let j = x - -17. Let a(p) = -p - 4*p**3 + j*p**3 + 0*p. Calculate a(-1).
-1
Suppose -3*k - y - 10 = 0, k = 3*k + 3*y + 2. Let l(n) be the third derivative of -n**4/24 - 5*n**3/6 + 3*n**2. Give l(k).
-1
Let f(v) = v - 1. Suppose -5*m + 16 = -5*z - 19, 2*m = 8. Calculate f(z).
-4
Let m(p) = -p - 1. Let o(k) = 3*k**2 + 3*k + 2. Let z be o(-1). Calculate m(z).
-3
Let y(k) be the second derivative of 0*k**2 + 1/360*k**6 + 0*k**3 + 0 + 2*k - 7/120*k**5 - 1/6*k**4. Let v(g) be the third derivative of y(g). Determine v(6).
5
Let v(k) = -3*k - 6. Let z(m) = m**3 - 7*m**2 - 5. Let c be z(7). Let n = c + 9. Suppose 4*p - 2*p = -l - n, -2*l = -p + 8. Determine v(l).
6
Let j(v) = 4*v - 2*v - 1 - v**2 + 2*v. Suppose -2*a + a - 25 = -5*l, -4*l = -3*a - 31. Determine j(l).
-1
Suppose 2*m + 2 = 3*m - x, 3*m - x + 4 = 0. Let h(o) = o**3 + 3*o**2 + 2*o - 3. Calculate h(m).
-9
Let x = 70 - 67. Let l(c) = c**3 - 2*c**2 - 5*c + 3. Give l(x).
-3
Suppose -5*j - 15 = 4*c, -6*j = -2*j - c + 12. Let m(w) = -2*w**3 + w**3 + 1 - 2*w**2 + 3*w + 1. Give m(j).
2
Let n(k) = -k**3 + 6*k**2 + 8*k. Let u be n(7). Let m(o) = -o**3 + 7*o**2 + 2*o - 10. Give m(u).
4
Let l be 2 + -1 + -1 + 1. Let w = l + -1. Let o(n) be the third derivative of -n**5/60 + n**4/24 + n**3/6 + 14*n**2. Give o(w).
1
Let a(l) be the first derivative of -l**2 - 3*l + 14. Give a(-2).
1
Suppose -j - 4 = -q, -4*q + 4*j + 12 = 2*j. Let y(u) = 2 - 1 + 2*u**2 + u**2 + q*u - 4*u**2. Calculate y(3).
-2
Let i = 16 - 11. Let w = -6 + i. Let t(z) = -5*z + 3*z - z. Calculate t(w).
3
Let b(d) = -7*d**3 - 1. Let n(o) = -6*o**3 - 2. Let l(u) = 3*b(u) - 2*n(u). Let j = -44 - -45. Determine l(j).
-8
Let x(w) be the first derivative of -w**2 - w - 3. Calculate x(-5).
9
Let d(f) = -6*f**3 + f**2 - f - 1. Let u(j) = j**3 + j - 1. Suppose w - 2*w = 0. Let v be u(w). Give d(v).
7
Let o(k) = -2*k + 28 - 2*k - 32 + 6*k. Give o(4).
4
Let r(l) = -l**2 + 5*l + 2. Let k(y) = y**3 + 4*y**2 - 3*y - 1. Let a be k(-4). Let f = -2 + 2. Suppose f = 3*j + 2 - a. Determine r(j).
8
Let t(o) be the first derivative of -o**3/6 + 3*o**2/2 + 2*o - 3. Let j(g) be the first derivative of t(g). What is j(-3)?
6
Let y be 10/15 + 32/6. Suppose -5*w = -3*w + y. Let k(o) = -o**3 - 2*o + o**2 - 3*o**2 - 2*o**2. Calculate k(w).
-3
Let h(s) = -s - 2. Let j = -6 + 4. Suppose 4 = -4*f + 3*f. Let b = j + f. Calculate h(b).
4
Let n = 7 + -3. Suppose 3*i = 4*d + 3, 2*i + 0 - 2 = -n*d. Let q(j) = -5*j**3 - 5*j - 10. Let t(v) = -6*v**3 - 6*v - 11. Let l(b) = -7*q(b) + 6*t(b). Give l(d).
4
Let a be (0 + -1 - 0) + 5 + -5. Let r(m) = 2*m + 1. Let f(n) = -n - 1. Let q(d) = -6*f(d) - 5*r(d). Give q(a).
5
Let j be 18/(-12) + 111/(-2). Let k be 12/66 + j/11. Let i(c) = c**3 + 4*c**2 - 4*c + 0 + 3 + 2. Calculate i(k).
0
Let z(k) = k**2 - 4*k + 1. Let v be z(-3). Let g = -19 + v. Let f(b) = -3*b - 2. Calculate f(g).
-11
Let f(v) = -v**3 - 3*v**2 - 2*v + 1. Suppose 8*y = 4*y. Let x(z) = -z**2 + z - 3. Let i be x(y). What is f(i)?
7
Let w(c) be the first derivative of c**3/3 - c**2/2 - 3*c - 7. Let s(x) be the first derivative of w(x). Calculate s(-1).
-3
Suppose 9 = k - u, -u - 14 = -4*k + 2*k. Let z(y) = -y**2 + k*y + 0*y - 3*y + 1. Give z(2).
1
Let w = 121/3 + -40. Let z(s) be the second derivative of w*s**3 + 0 - 1/20*s**5 + 0*s**2 + 1/12*s**4 + 2*s. Determine z(-2).
8
Let s(k) = -8*k**2 + 8. Let h(d) be the second derivative of -7*d**4/12 + 7*d**2/2 + d. Let m(b) = -7*h(b) + 6*s(b). Give m(2).
3
Let i = 1 + -3. Let k(q) = -q**2. Let a(m) = -3*m**2 - m. Let t(l) = i*k(l) + a(l). Determine t(0).
0
Let g(h) = -h**2 - h + 7. Suppose 4*l + 23 - 3 = 0. Calculate g(l).
-13
Let u(t) be the third derivative of t**4/8 - 4*t**3/3 - 6*t**2. Give u(6).
10
Let u = -23 - -26. Let a(h) be the second derivative of 0 - 2*h + 1/6*h**u + 3*h**2. What is a(-5)?
1
Let b(p) be the first derivative of p**3/6 + 11*p**2/2 + p - 4. Let g(z) be the first derivative of b(z). Calculate g(-6).
5
Suppose -c = -5*b + 15, 14 = -4*c - 3*b - 0. Let l(v) = 4*v - 1. Let o(k) = -k. Let t(s) = l(s) + 3*o(s). Determine t(c).
-6
Let c(a) = -2*a + 0*a**3 + 0*a**3 + 2*a**3 + 2*a**2. Let r(b) = -b**2 + 10*b - 2. Let y be r(10). What is c(y)?
-4
Suppose 3*w = 3*c - 6, 0 = w - 2*c + 7*c + 26. Let d(p) = -p - 12. Calculate d(w).
-6
Suppose 3*n - 12 = -0*n. Let w(v) be the third derivative of v**5/60 - 7*v**4/24 + v**3 + 30*v**2. Calculate w(n).
-6
Let j be -2*(0 + 2 + -5). Let z(h) = -1. Let u(v) = -2*v - 3. Let f(m) = j*z(m) - 2*u(m). What is f(2)?
8
Let b(m) = 0*m**2 + 0*m**2 - m**2 - 4*m - m + 6. Let c = 15 - 23. Let v = -13 - c. Calculate b(v).
6
Let x be 12/7 - (-6)/21. Let n(u) = 8 - 1 - u + 0*u - u**x. What is n(0)?
7
Suppose -20 = 5*n - 2*v, -2*n + 4*v = -0*v + 24. Let x be 10/4 - n/4. Let t(d) = d + 9. Let z(h) = 8. Let f(y) = x*z(y) - 2*t(y). Calculate f(4).
-2
Let w(o) = o**3 + o**2 + o - 5. Let u be w(0). Let f(y) = 4*y**2 + 4*y + 0*y - 3*y**2. What is f(u)?
5
Let u(y) be the third derivative of -y**4/4 + 3*y**2. Let z be u(1). Let w(f) = -f**2 - 8*f + 2. What is w(z)?
14
Suppose -8 - 4 = 4*q. Let v(x) = -x. Give v(q).
3
Let a(z) = -14 - 2*z + 9 + 5 + 3. Give a(-3).
9
Let g(m) = m**3 - 6*m**2 + 2. Let k be g(6). Let q(w) = 2*w - 1. Let d be q(k). Let c(a) = 1. Let b(l) = 5*l - 6. Let f(h) = d*c(h) + b(h). Determine f(2).
7
Suppose -4*q = 18 - 6. Suppose 5*z - 2*z - 6 = 0. Let h(t) = -3*t - z*t**2 + 6*t - 2 + 3*t**2. Give h(q).
-2
Suppose -4 = 3*c - 13. Suppose 0 = -x + f + 9, c*x - 9 - 4 = -4*f. Let h(n) = -n**2 + 8*n - 3. Let l be h(x). Let u(a) = -a**2 + 6*a - 2. What is u(l)?
6
Let u(m) = -4*m + 6*m**2 - 7 - m**3 - 4*m + 6*m + 0*m. Let f(n) = 2*n + 3. Let k be f(6). Suppose 0 = 4*y + 20, 0*z + y = -4*z + k. What is u(z)?
8
Let x(n) = -11*n - 1. Let o be 1*4/((-4)/3). Let c(z) = -6*z - 1. Let i(s) = o*x(s) + 5*c(s). Give i(3).
7
Suppose -2*a = 1 + 5. Let v(j) = 4*j**2 + 7*j + 6. Let h(t) = 11*t**2 + 20*t + 17. Let i(z) = -3*h(z) + 8*v(z). Determine i(a).
0
Let a(t) be the second derivative of -2*t - 4/3*t**3 + 0 - 1/2*t**2. Let j = -12 - -11. What is a(j)?
7
Let b(l) = l + 15. Let d be b(-9). Let y(f) = f**2 - 7*f + 5. What is y(d)?
-1
Let c(d) = 0*d - d**2 - 7 - 10*d - 6. Determine c(-9).
-4
Suppose -11 = -3*f - 5. Let u(j) be the first derivative of 2*j**f + 6*j + 1 + 5/3*j**3 + 1/4*j**4. What is u(-4)?
6
Let b(d) = -67 + 28 + 2*d - 5*d**2 + 33 + d**3. Calculate b(5).
4
Let t(o) = 8*o**3 - 16*o + 16*o. Determine t(1).
8
Let u(m) be the first derivative of -m**4/4 + m**3/3 + m**2 + 3*m - 13. Give u(-2).
11
Let h(l) = 2*l - 5. Let y(q) = 1. Let b(m) = -h(m) - y(m). Determine b(4).
-4
Let n(l) = 3*l**2 - 2*l - 2. Let s be ((-8)/28)/(3/(-21)). Give n(s).
6
Let u(c) = 14*c**3 - 5*c**2 + 17*c + 14. Let g(j) = -5*j**3 + 2*j**2 - 6*j - 5. Let o(n) = -11*g